{"id":95,"date":"2020-08-16T08:26:04","date_gmt":"2020-08-16T08:26:04","guid":{"rendered":"https:\/\/deineurologin.at\/?page_id=95"},"modified":"2022-09-04T12:20:01","modified_gmt":"2022-09-04T12:20:01","slug":"uber-mich","status":"publish","type":"page","link":"https:\/\/deineurologin.at\/?page_id=95","title":{"rendered":"\u00dcber mich"},"content":{"rendered":"\n<p>Fach\u00e4rztin f\u00fcr Urologie<\/p>\n\n\n\n<p>Fellow of European Board of Urology, FEBU<\/p>\n\n\n\n<p>\u00c4rztin f\u00fcr Allgemeinmedizin<\/p>\n\n\n\n<p>Not\u00e4rztin<\/p>\n\n\n\n<p>Ausbildung f\u00fcr pr\u00e4ventive Medizin und Ern\u00e4hrung<\/p>\n\n\n\n<hr class=\"wp-block-separator has-css-opacity\"\/>\n\n\n\n<p>Mitglied des Arbeitskreises f\u00fcr Blasenfunktionsst\u00f6rungen<\/p>\n\n\n\n<p>Mitglied der \u00d6sterreichischen Gesellschaft f\u00fcr Urologie (\u00d6GU)<\/p>\n\n\n\n<p>Mitglied der European Association of Urology (EAU)<\/p>\n\n\n\n<hr class=\"wp-block-separator has-css-opacity\"\/>\n\n\n\n<p>Ober\u00e4rztin an der Abteilung Urologie in der <a href=\"https:\/\/klinik-favoriten.gesundheitsverbund.at\/leistung\/urologische-abteilung\/\">Klinik Favoriten<\/a> und Wahlarzt\/ Privatordination<\/p>\n\n\n\n<figure class=\"wp-block-image size-large\"><img loading=\"lazy\" decoding=\"async\" width=\"1024\" height=\"768\" src=\"https:\/\/deineurologin.at\/wp-content\/uploads\/2020\/09\/image3-1-1024x768.jpeg\" alt=\"\" class=\"wp-image-156\" srcset=\"https:\/\/deineurologin.at\/wp-content\/uploads\/2020\/09\/image3-1-1024x768.jpeg 1024w, https:\/\/deineurologin.at\/wp-content\/uploads\/2020\/09\/image3-1-300x225.jpeg 300w, https:\/\/deineurologin.at\/wp-content\/uploads\/2020\/09\/image3-1-768x576.jpeg 768w, https:\/\/deineurologin.at\/wp-content\/uploads\/2020\/09\/image3-1-1536x1152.jpeg 1536w, https:\/\/deineurologin.at\/wp-content\/uploads\/2020\/09\/image3-1.jpeg 2016w\" sizes=\"auto, (max-width: 767px) 89vw, (max-width: 1000px) 54vw, (max-width: 1071px) 543px, 580px\" \/><\/figure>\n\n\n\n<p>Verheiratet und Mutter zweier S\u00f6hne<\/p>\n","protected":false},"excerpt":{"rendered":"<p>Fach\u00e4rztin f\u00fcr Urologie Fellow of European Board of Urology, FEBU \u00c4rztin f\u00fcr Allgemeinmedizin Not\u00e4rztin Ausbildung f\u00fcr pr\u00e4ventive Medizin und Ern\u00e4hrung Mitglied des Arbeitskreises f\u00fcr Blasenfunktionsst\u00f6rungen Mitglied der \u00d6sterreichischen Gesellschaft f\u00fcr Urologie (\u00d6GU) Mitglied der European Association of Urology (EAU) Ober\u00e4rztin an der Abteilung Urologie in der Klinik Favoriten und Wahlarzt\/ Privatordination Verheiratet und Mutter zweier &hellip; <\/p>\n<p class=\"link-more\"><a href=\"https:\/\/deineurologin.at\/?page_id=95\" class=\"more-link\">Continue reading<span class=\"screen-reader-text\"> &#8222;\u00dcber mich&#8220;<\/span><\/a><\/p>\n","protected":false},"author":1,"featured_media":0,"parent":0,"menu_order":0,"comment_status":"closed","ping_status":"closed","template":"","meta":{"footnotes":""},"class_list":["post-95","page","type-page","status-publish","hentry"],"yoast_head":"<!-- This site is optimized with the Yoast SEO plugin v24.0 - https:\/\/yoast.com\/wordpress\/plugins\/seo\/ -->\n<title>\u00dcber mich - Dr. Julia Wolfesberger<\/title>\n<meta name=\"robots\" content=\"index, follow, max-snippet:-1, max-image-preview:large, max-video-preview:-1\" \/>\n<link rel=\"canonical\" href=\"https:\/\/deineurologin.at\/?page_id=95\" \/>\n<meta property=\"og:locale\" content=\"de_DE\" \/>\n<meta property=\"og:type\" content=\"article\" \/>\n<meta property=\"og:title\" content=\"\u00dcber mich - Dr. Julia Wolfesberger\" \/>\n<meta property=\"og:description\" content=\"Fach\u00e4rztin f\u00fcr Urologie Fellow of European Board of Urology, FEBU \u00c4rztin f\u00fcr Allgemeinmedizin Not\u00e4rztin Ausbildung f\u00fcr pr\u00e4ventive Medizin und Ern\u00e4hrung Mitglied des Arbeitskreises f\u00fcr Blasenfunktionsst\u00f6rungen Mitglied der \u00d6sterreichischen Gesellschaft f\u00fcr Urologie (\u00d6GU) Mitglied der European Association of Urology (EAU) Ober\u00e4rztin an der Abteilung Urologie in der Klinik Favoriten und Wahlarzt\/ Privatordination Verheiratet und Mutter zweier &hellip; Continue reading &quot;\u00dcber mich&quot;\" \/>\n<meta property=\"og:url\" content=\"https:\/\/deineurologin.at\/?page_id=95\" \/>\n<meta property=\"og:site_name\" content=\"Dr. Julia Wolfesberger\" \/>\n<meta property=\"article:modified_time\" content=\"2022-09-04T12:20:01+00:00\" \/>\n<meta property=\"og:image\" content=\"https:\/\/deineurologin.at\/wp-content\/uploads\/2020\/09\/image3-1-1024x768.jpeg\" \/>\n<meta name=\"twitter:card\" content=\"summary_large_image\" \/>\n<script type=\"application\/ld+json\" class=\"yoast-schema-graph\">{\"@context\":\"https:\/\/schema.org\",\"@graph\":[{\"@type\":\"WebPage\",\"@id\":\"https:\/\/deineurologin.at\/?page_id=95\",\"url\":\"https:\/\/deineurologin.at\/?page_id=95\",\"name\":\"\u00dcber mich - Dr. Julia Wolfesberger\",\"isPartOf\":{\"@id\":\"https:\/\/deineurologin.at\/#website\"},\"primaryImageOfPage\":{\"@id\":\"https:\/\/deineurologin.at\/?page_id=95#primaryimage\"},\"image\":{\"@id\":\"https:\/\/deineurologin.at\/?page_id=95#primaryimage\"},\"thumbnailUrl\":\"https:\/\/deineurologin.at\/wp-content\/uploads\/2020\/09\/image3-1-1024x768.jpeg\",\"datePublished\":\"2020-08-16T08:26:04+00:00\",\"dateModified\":\"2022-09-04T12:20:01+00:00\",\"breadcrumb\":{\"@id\":\"https:\/\/deineurologin.at\/?page_id=95#breadcrumb\"},\"inLanguage\":\"de-AT\",\"potentialAction\":[{\"@type\":\"ReadAction\",\"target\":[\"https:\/\/deineurologin.at\/?page_id=95\"]}]},{\"@type\":\"ImageObject\",\"inLanguage\":\"de-AT\",\"@id\":\"https:\/\/deineurologin.at\/?page_id=95#primaryimage\",\"url\":\"https:\/\/deineurologin.at\/wp-content\/uploads\/2020\/09\/image3-1.jpeg\",\"contentUrl\":\"https:\/\/deineurologin.at\/wp-content\/uploads\/2020\/09\/image3-1.jpeg\",\"width\":2016,\"height\":1512},{\"@type\":\"BreadcrumbList\",\"@id\":\"https:\/\/deineurologin.at\/?page_id=95#breadcrumb\",\"itemListElement\":[{\"@type\":\"ListItem\",\"position\":1,\"name\":\"Home\",\"item\":\"https:\/\/deineurologin.at\/\"},{\"@type\":\"ListItem\",\"position\":2,\"name\":\"\u00dcber mich\"}]},{\"@type\":\"WebSite\",\"@id\":\"https:\/\/deineurologin.at\/#website\",\"url\":\"https:\/\/deineurologin.at\/\",\"name\":\"Dr. Julia Wolfesberger\",\"description\":\"Deine Urologin\",\"publisher\":{\"@id\":\"https:\/\/deineurologin.at\/#\/schema\/person\/df061b8887a19474011725af94856679\"},\"potentialAction\":[{\"@type\":\"SearchAction\",\"target\":{\"@type\":\"EntryPoint\",\"urlTemplate\":\"https:\/\/deineurologin.at\/?s={search_term_string}\"},\"query-input\":{\"@type\":\"PropertyValueSpecification\",\"valueRequired\":true,\"valueName\":\"search_term_string\"}}],\"inLanguage\":\"de-AT\"},{\"@type\":[\"Person\",\"Organization\"],\"@id\":\"https:\/\/deineurologin.at\/#\/schema\/person\/df061b8887a19474011725af94856679\",\"name\":\"admin\",\"image\":{\"@type\":\"ImageObject\",\"inLanguage\":\"de-AT\",\"@id\":\"https:\/\/deineurologin.at\/#\/schema\/person\/image\/\",\"url\":\"https:\/\/secure.gravatar.com\/avatar\/49502c71e365cd9d1ab483b26ef2cc7b?s=96&d=mm&r=g\",\"contentUrl\":\"https:\/\/secure.gravatar.com\/avatar\/49502c71e365cd9d1ab483b26ef2cc7b?s=96&d=mm&r=g\",\"caption\":\"admin\"},\"logo\":{\"@id\":\"https:\/\/deineurologin.at\/#\/schema\/person\/image\/\"},\"sameAs\":[\"https:\/\/deineurologin.at\"]}]}<\/script>\n<!-- \/ Yoast SEO plugin. -->","yoast_head_json":{"title":"\u00dcber mich - Dr. Julia Wolfesberger","robots":{"index":"index","follow":"follow","max-snippet":"max-snippet:-1","max-image-preview":"max-image-preview:large","max-video-preview":"max-video-preview:-1"},"canonical":"https:\/\/deineurologin.at\/?page_id=95","og_locale":"de_DE","og_type":"article","og_title":"\u00dcber mich - Dr. Julia Wolfesberger","og_description":"Fach\u00e4rztin f\u00fcr Urologie Fellow of European Board of Urology, FEBU \u00c4rztin f\u00fcr Allgemeinmedizin Not\u00e4rztin Ausbildung f\u00fcr pr\u00e4ventive Medizin und Ern\u00e4hrung Mitglied des Arbeitskreises f\u00fcr Blasenfunktionsst\u00f6rungen Mitglied der \u00d6sterreichischen Gesellschaft f\u00fcr Urologie (\u00d6GU) Mitglied der European Association of Urology (EAU) Ober\u00e4rztin an der Abteilung Urologie in der Klinik Favoriten und Wahlarzt\/ Privatordination Verheiratet und Mutter zweier &hellip; Continue reading \"\u00dcber mich\"","og_url":"https:\/\/deineurologin.at\/?page_id=95","og_site_name":"Dr. Julia Wolfesberger","article_modified_time":"2022-09-04T12:20:01+00:00","og_image":[{"url":"https:\/\/deineurologin.at\/wp-content\/uploads\/2020\/09\/image3-1-1024x768.jpeg","type":"","width":"","height":""}],"twitter_card":"summary_large_image","schema":{"@context":"https:\/\/schema.org","@graph":[{"@type":"WebPage","@id":"https:\/\/deineurologin.at\/?page_id=95","url":"https:\/\/deineurologin.at\/?page_id=95","name":"\u00dcber mich - Dr. Julia Wolfesberger","isPartOf":{"@id":"https:\/\/deineurologin.at\/#website"},"primaryImageOfPage":{"@id":"https:\/\/deineurologin.at\/?page_id=95#primaryimage"},"image":{"@id":"https:\/\/deineurologin.at\/?page_id=95#primaryimage"},"thumbnailUrl":"https:\/\/deineurologin.at\/wp-content\/uploads\/2020\/09\/image3-1-1024x768.jpeg","datePublished":"2020-08-16T08:26:04+00:00","dateModified":"2022-09-04T12:20:01+00:00","breadcrumb":{"@id":"https:\/\/deineurologin.at\/?page_id=95#breadcrumb"},"inLanguage":"de-AT","potentialAction":[{"@type":"ReadAction","target":["https:\/\/deineurologin.at\/?page_id=95"]}]},{"@type":"ImageObject","inLanguage":"de-AT","@id":"https:\/\/deineurologin.at\/?page_id=95#primaryimage","url":"https:\/\/deineurologin.at\/wp-content\/uploads\/2020\/09\/image3-1.jpeg","contentUrl":"https:\/\/deineurologin.at\/wp-content\/uploads\/2020\/09\/image3-1.jpeg","width":2016,"height":1512},{"@type":"BreadcrumbList","@id":"https:\/\/deineurologin.at\/?page_id=95#breadcrumb","itemListElement":[{"@type":"ListItem","position":1,"name":"Home","item":"https:\/\/deineurologin.at\/"},{"@type":"ListItem","position":2,"name":"\u00dcber mich"}]},{"@type":"WebSite","@id":"https:\/\/deineurologin.at\/#website","url":"https:\/\/deineurologin.at\/","name":"Dr. Julia Wolfesberger","description":"Deine Urologin","publisher":{"@id":"https:\/\/deineurologin.at\/#\/schema\/person\/df061b8887a19474011725af94856679"},"potentialAction":[{"@type":"SearchAction","target":{"@type":"EntryPoint","urlTemplate":"https:\/\/deineurologin.at\/?s={search_term_string}"},"query-input":{"@type":"PropertyValueSpecification","valueRequired":true,"valueName":"search_term_string"}}],"inLanguage":"de-AT"},{"@type":["Person","Organization"],"@id":"https:\/\/deineurologin.at\/#\/schema\/person\/df061b8887a19474011725af94856679","name":"admin","image":{"@type":"ImageObject","inLanguage":"de-AT","@id":"https:\/\/deineurologin.at\/#\/schema\/person\/image\/","url":"https:\/\/secure.gravatar.com\/avatar\/49502c71e365cd9d1ab483b26ef2cc7b?s=96&d=mm&r=g","contentUrl":"https:\/\/secure.gravatar.com\/avatar\/49502c71e365cd9d1ab483b26ef2cc7b?s=96&d=mm&r=g","caption":"admin"},"logo":{"@id":"https:\/\/deineurologin.at\/#\/schema\/person\/image\/"},"sameAs":["https:\/\/deineurologin.at"]}]}},"featured_image_src":null,"featured_image_src_square":null,"_links":{"self":[{"href":"https:\/\/deineurologin.at\/index.php?rest_route=\/wp\/v2\/pages\/95","targetHints":{"allow":["GET"]}}],"collection":[{"href":"https:\/\/deineurologin.at\/index.php?rest_route=\/wp\/v2\/pages"}],"about":[{"href":"https:\/\/deineurologin.at\/index.php?rest_route=\/wp\/v2\/types\/page"}],"author":[{"embeddable":true,"href":"https:\/\/deineurologin.at\/index.php?rest_route=\/wp\/v2\/users\/1"}],"replies":[{"embeddable":true,"href":"https:\/\/deineurologin.at\/index.php?rest_route=%2Fwp%2Fv2%2Fcomments&post=95"}],"version-history":[{"count":15,"href":"https:\/\/deineurologin.at\/index.php?rest_route=\/wp\/v2\/pages\/95\/revisions"}],"predecessor-version":[{"id":285,"href":"https:\/\/deineurologin.at\/index.php?rest_route=\/wp\/v2\/pages\/95\/revisions\/285"}],"wp:attachment":[{"href":"https:\/\/deineurologin.at\/index.php?rest_route=%2Fwp%2Fv2%2Fmedia&parent=95"}],"curies":[{"name":"wp","href":"https:\/\/api.w.org\/{rel}","templated":true}]}}